-v - 39 + 47 = 0. Suppose v*r - 202 = 6*r. Let b = r + 4. What is the tens digit of b?
0
Let r(w) = w**2 - 28*w - 4. Let z be r(32). Let i = 122 - z. What is the tens digit of (-86)/(-4)*1*i/(-1)?
4
Suppose -7*g = -6*v + 3*v + 5812, -3*v + 3*g + 5820 = 0. What is the tens digit of v?
4
Let m(l) = 4*l + 4*l**2 - l + 3 - 5*l + 0*l**2 - 9. What is the units digit of m(8)?
4
Let y(b) = b**3 - 7*b - 9. Let o be (14/(-4))/(44/(-88)). What is the tens digit of y(o)?
8
Let y(o) = 4*o + 62. Let n be y(-8). Let u be ((-1)/(n/(-8) - -4))/2. What is the hundreds digit of 210 - (-4 + (-2)/u)?
2
Let b(q) be the first derivative of -q**4/4 + 2*q**3 + 5*q**2/2 + 15*q - 64. What is the units digit of b(-5)?
5
Let k = -1959 - -3269. Let w = k - 868. What is the units digit of w?
2
Suppose -3480 = -5*q - 5*p, 2094 = -q + 4*q + 5*p. Suppose -23*v + 30*v - q = 0. Let j = v + -58. What is the tens digit of j?
4
Let w be ((-1 - -5) + -10)*4. What is the units digit of (-2)/w*-3*(-1639 - -3)?
9
Suppose -45*p + 858812 = -277978. What is the thousands digit of p?
5
Let r = -75013 - -109135. What is the thousands digit of r?
4
Let c = 137 - 132. Suppose c*d + 10 + 13 = 2*f, -f = -5*d - 19. Suppose -5*t + f*t + 140 = 0. What is the hundreds digit of t?
1
Suppose 0*d + 5*h = -d - 8, -26 = -5*d - 3*h. Let s(j) = 10*j**2 + 6*j - 34. What is the hundreds digit of s(d)?
4
Let x(m) = m**2 + m + 56. Let i be x(6). Let o = -176 + 342. Let y = o - i. What is the units digit of y?
8
Let w(y) = -4*y - 16. Let n be w(-5). Suppose 0 = n*k - k - 327. Suppose 2*v - 333 = -k. What is the tens digit of v?
1
Let t(l) = 12*l**2 + 5*l + 2. Suppose -18*u = -15*u + 9. What is the tens digit of t(u)?
9
Let f = -93 - -547. Let c = -771 - -517. Let s = f + c. What is the units digit of s?
0
Let r(z) be the third derivative of 2/3*z**3 + 5/24*z**4 + 1/30*z**5 + 0*z + 0 + 18*z**2. What is the units digit of r(-2)?
2
Let k = 13652 - 8314. What is the hundreds digit of k?
3
Suppose 5*m = 7*m + 3*o + 14, -m + o = -3. Let c be -9*(m - 0) - (-12 + 14). Suppose v + q = 262, -c*q = -6*q - 4. What is the tens digit of v?
5
What is the thousands digit of -5 - -10 - (-19 - 5615)?
5
Let w be (4/(-6))/(1/(-48)). Let f = -9174 + 9343. Let l = f - w. What is the units digit of l?
7
Let s = -5951 - -12529. What is the hundreds digit of s?
5
Let p(m) be the first derivative of -3/2*m**2 - 14 + 9*m. What is the tens digit of p(-3)?
1
Suppose -4*u - 22501 = -2*r - 723, -u = -5*r + 54427. What is the hundreds digit of r?
8
What is the hundreds digit of (4 + 21/(-6))/(3/200316) + -1?
3
Suppose -26990 - 244018 = -36*a. What is the hundreds digit of a?
5
Suppose -9*a + 15051 = 543. Let z = a - 90. What is the hundreds digit of z?
5
Let f be 2/4 - 365/10. Let g be 0 + (235/5 - (1 - 1)). Let w = f + g. What is the units digit of w?
1
Let h(x) be the second derivative of 185*x**3/6 + 9*x**2 - x + 65. What is the tens digit of h(4)?
5
What is the thousands digit of (2 - 0)/(-2 + ((-4418)/4420 - -3))?
4
What is the thousands digit of 1041 + -1037 - (2150*(-29)/2 + 1)?
1
Suppose 21270 = 14*g - 374. Suppose 3*l = -2*c + 1567 - 17, 0 = -3*l + 2*c + g. What is the tens digit of l?
1
Suppose -11*z + 411327 - 144049 = 0. Suppose -z = -19*u + 5190. What is the units digit of u?
2
Let w(a) = 2*a**2 + 189*a - 86. What is the tens digit of w(70)?
4
Let c = 16 + -14. Suppose -c*d = 3*d. Suppose 5*h + h - 96 = d. What is the tens digit of h?
1
Let t(c) = -8*c**2 + 8*c + 12. Let u be t(-2). Let s = 243 + u. What is the units digit of s?
7
Let l be 4/16 + (-62)/(-8). Suppose 2*h = -0*h + l. Let i(r) = r**3 + r**2 + 5*r - 1. What is the tens digit of i(h)?
9
Let p(j) = 2*j**3 - 2*j**2 + 2*j + 6. Let z = -46 - -50. Let c be p(z). Suppose c - 274 = -2*g. What is the units digit of g?
2
Let f(o) = 7797*o - 2841. What is the hundreds digit of f(7)?
7
Suppose -7*h = 22 - 36. Suppose -2*t + 758 = h*x, -4*t - 3*x + 811 + 709 = 0. What is the hundreds digit of t?
3
Suppose 101*y - 5*q + 63427 = 105*y, 5*q = -3*y + 47569. What is the hundreds digit of y?
8
Suppose 3*h + 3127 = -5*q, 4*h - 40*q + 44*q + 4180 = 0. Let z = h + 2300. What is the hundreds digit of z?
2
Suppose 10*o = -24*o + 9928. What is the hundreds digit of o/2 - (-13 - (-10 + 0))?
1
Suppose 19806 = 17*g - 32418. Suppose i - 608 = -4*s + 6*s, 2*s = 5*i - g. What is the units digit of i?
6
Let c(o) = 13*o + 212. Let a be c(-16). Suppose 4*v = a*b + 3392, -2*v - b + 1705 = -6*b. What is the units digit of v?
5
Suppose -5138 = 54*o - 61*o. Suppose -16 = 4*z, 5*q + z - 2175 = -o. What is the tens digit of q?
8
Let y(o) = -36*o**2 + 22*o - 32. Let d be y(4). Let f = d - -1044. What is the units digit of f?
4
Let n(p) = 4 + 1 + 5 + 7 + 2*p. Let w be n(-22). What is the tens digit of (-1108)/(-36) - 6/w?
3
Let x = 2647 - -2493. What is the thousands digit of x?
5
Let h = 422 - 427. Let b(a) = -98*a + 62. What is the tens digit of b(h)?
5
Let n = 225 + -45. Let b = 7 + n. What is the hundreds digit of b?
1
Let w(v) be the third derivative of -1583*v**4/24 - v**3/2 + 151*v**2. What is the tens digit of w(-1)?
8
Let q(t) be the second derivative of -t**3/6 + 3*t**2/2 + 25*t. Let g be q(3). Suppose -3*u - 151 + 454 = g. What is the units digit of u?
1
Suppose 5*x + 3*m + 14 = 0, -2*m + 2 - 14 = 4*x. Let s be x/10 - 3192/70. Let k = 112 + s. What is the tens digit of k?
6
Let g(t) = t + 5. Suppose 5*y = -4*n + y - 4, -4*n + 3*y = 25. Let f be g(n). Let c(q) = 191*q**3 - q. What is the tens digit of c(f)?
9
Let m(d) = -2 + d**2 + 5*d + 4 - 2 + 8. Let x(q) = q**3 + 2*q**2 - 8*q - 16. Let j be x(-4). What is the tens digit of m(j)?
8
Let j(v) = -9*v - 27. Let d be j(-17). What is the units digit of 168/d*54/8?
9
Let m = -96 - -103. Let c = m + -1. What is the units digit of c?
6
Let j = 53 + -52. Let n be ((-11)/22)/(j*(-2)/4). What is the units digit of 18*(2 - n - (-13)/3)?
6
Suppose 13*l - 20098 = -4*n + 10*l, 3*n = 4*l + 15036. What is the tens digit of n?
2
Let u(k) = 9*k - 39. Let v be u(5). Suppose 1169 = -v*q + 9305. What is the units digit of q?
6
Let g(s) = s**3 - 5*s**2 + 5*s - 1. Let h be g(1). Suppose -11*f + 9 + 2719 = h. What is the tens digit of f?
4
Let j(l) = 228*l + 32. Suppose 6*s = 7*s - 4. What is the tens digit of j(s)?
4
Let k be 221/(-51) - (-10)/(-6). What is the tens digit of (-1809)/k + (35/10 - 4)?
0
Suppose 5*o + 2*s - 4*s = 31997, -5*o + s + 31996 = 0. What is the hundreds digit of o?
3
Let s(y) = -2*y**3 + 29*y**2 - 31*y - 37. What is the thousands digit of s(-21)?
1
Suppose 55*h = -348*h + 3684629. What is the thousands digit of h?
9
Let t(b) = 15 - 2*b + 3 - b**2 + 0*b**2 + 5*b. Let j be t(6). What is the units digit of (j + 1)/1*(7 + 2)?
9
Let a(i) = -26*i - 273. Let k be a(-44). Let l = 882 - k. What is the tens digit of l?
1
Suppose 4*v = 4*f - 21360, -52*v = -51*v + 6. What is the tens digit of f?
3
Let d(g) = 21*g**3 - 10*g**2 + 19*g + 26. What is the units digit of d(6)?
6
Suppose 4*h - 5 = 2*i - 33, -5*i + 106 = 2*h. Suppose 0 = -i*n + 23*n - 498. Let g = n - 108. What is the tens digit of g?
5
Suppose j = 5*w + 1855, 430*j = 432*j - 2*w - 3734. What is the units digit of j?
0
Let o = -64844 + 92025. What is the hundreds digit of o?
1
Suppose -26520 = -4*h + 2*a, -719*a + 13290 = 2*h - 715*a. What is the hundreds digit of h?
6
Let g(b) = 68*b**2 + 63*b + 746. What is the tens digit of g(-14)?
9
Let r(x) = -18*x + 6. Let z be r(1). Let v be ((-2984)/12)/(z/18). Suppose 7*t = 229 + v. What is the units digit of t?
6
Suppose 0 = -2*z - 67 - 113. Let u = z - -89. What is the units digit of u/(-5) + (-13296)/(-120)?
1
Suppose -z - m = -43545, -217737 = -5*z - 25*m + 22*m. What is the ten thousands digit of z?
4
Let n = 15438 + -5566. What is the units digit of n?
2
Suppose 532*h - 569*h = -423724. What is the hundreds digit of h?
4
Let l(a) be the first derivative of 8*a**3/3 + 3*a**2/2 + a + 32. Let b be l(-2). Suppose 25*t - b*t + 180 = 0. What is the units digit of t?
0
Let v = -83 - -83. Suppose v = 7*h - 11*h - 244. Let b = h + 124. What is the tens digit of b?
6
What is the tens digit of (45/(-18))/((-3)/3942)?
8
Let g = -17288 - -37134. What is the tens digit of g?
4
What is the hundreds digit of (162/(-14) + 12)/(6/28) - -16475?
4
Let q be 12/18 - 1